1) + 3 + -9.
-2
Calculate -8 - ((1 - 3) + -4).
-2
-6 + 5 + -6 - -16
9
-2 + (-1 + 10 - (-1 - -1))
7
What is the value of (-11 - -8) + 3 - 7?
-7
What is -2 - (2 + (-2 - 5))?
3
What is 3 - ((-1 + -2 - 0) + 4)?
2
Evaluate (4 - -2) + -7 + 6.
5
What is (8 - 14) + (3 - (1 + 0))?
-4
What is the value of -3 + (9 - 1) - 3 - 1?
1
Evaluate 17 + -6 + (-16 - -4).
-1
Evaluate -14 + 12 + 2 + -1.
-1
What is (-2 - -6 - -4) + 2 + -4?
6
What is 4 - (-7 - -12) - (-10 - -3)?
6
Evaluate 0 - ((5 - 4) + 3).
-4
What is (5 - (17 - 11)) + (-8 - 0)?
-9
What is the value of (5 - 4) + 2 - 5?
-2
What is the value of 66 - 65 - ((-3 - -1) + 5)?
-2
16 - (1 + 0 + 6)
9
Calculate 4 - (-2 - (0 - (5 - 1))).
2
Evaluate (-12 + 6 - 9 - -4) + 2.
-9
Calculate 2 + 1 - (-50 + 52).
1
Calculate -26 + 30 - (0 - -3 - 3).
4
(4 - (0 - -2)) + (1 - 0)
3
Evaluate -12 - (-8 + (-9 - -13)).
-8
Calculate 114 + -122 + -3 + 0 + 0.
-11
What is -2 + (3 - 1) + -3 + 3?
0
Calculate (4 - -7) + (-1 - 5).
5
What is (15 - 11) + (1 - 7)?
-2
What is -1 + 8 + 11 + -13 + -10?
-5
-2 - (-4 + (3 - 6))
5
Evaluate -3 - -1 - (12 - 15).
1
3 + 3 + 0 - 1
5
Calculate -1 + (2 - -2) - (6 - 0).
-3
6 + 0 + 19 + -26 + 7
6
8 + -11 + 6 - (0 - 0)
3
What is -8 - -12 - (1 - (4 - 5))?
2
8 + (-1 + 0 - (0 + 4))
3
What is 0 + 10 + -14 + 12?
8
What is the value of -1 - ((2 - (1 + -2)) + -3)?
-1
(6 - (2 - -5)) + -6 - -3
-4
What is the value of 0 + (2 - -1) + -2?
1
What is the value of 2 + 6 + -6 + -4?
-2
Calculate -2 + 10 + 0 - (-38 + 44).
2
Evaluate 0 + -4 + (12 + -3 - 4).
1
What is the value of 19 - 12 - (1 + 0)?
6
What is -7 - (-2 - (-10 + 10))?
-5
Evaluate -7 + 9 + 1 + 2 + -7.
-2
36 + -39 + (9 - 1)
5
2 + 3 + (-1 - 2 - 1)
1
Evaluate 0 + 0 + 2 + 4.
6
Calculate (-13 - (-3 + -2)) + 9.
1
What is 1 + 20 + (-22 - -10)?
9
What is (4 - (3 + 4)) + 7?
4
Calculate (-7 - -5) + 2 + 4 + 1.
5
Calculate 1 - (-5 - -2) - 3.
1
What is the value of 0 + -2 + (1 - -3)?
2
Calculate (3 - 2) + 2 + -1 - 3.
-1
-6 + 8 - (-4 - -5)
1
What is (-6 - -4) + 6 - (12 + -4)?
-4
What is the value of -7 + 5 + (6 - 11) + 3?
-4
What is (0 - (0 - 4)) + -17 + 9?
-4
Calculate -11 - (-3 + -5 - 6).
3
Evaluate (2 - -2) + -11 + 5 + -3.
-5
What is (1 - 2) + (1 - (0 + -3))?
3
Calculate 5 + -10 + (10 - 11).
-6
Calculate -2 + 20 + -16 + (0 - 1).
1
What is the value of (-1 - 1 - -2) + 1?
1
What is the value of -4 + (18 - 3 - 7) - 7?
-3
What is (8 - 15) + 6 + 1?
0
Calculate -4 + -3 + -2 + 3 - -3.
-3
14 - (7 - (6 - 6))
7
-6 + -2 + 7 + -1
-2
Calculate (1 - -2) + -1 - (-138 + 135).
5
What is -9 - (-3 + 3 + -5)?
-4
-2 - -7 - ((-3 - -4) + 8)
-4
-11 - -7 - -6 - 6
-4
Evaluate 9 + -12 - (-4 - -2).
-1
Evaluate -2 + -3 + (-7 - -3) + 13.
4
Evaluate (-2 - -7) + (-3 - (-3 + -6)).
11
Calculate (-1 - 3) + 8 - -1.
5
What is the value of 18 + -12 + (-1 - 2)?
3
Calculate 6 + -3 - 2 - (-20 + 24).
-3
-2 + 4 + -5 + (12 - 10)
-1
1 - ((-4 - -1) + 5) - 2
-3
What is -4 - (-4 - -2 - 2)?
0
Calculate -1 - (1 - 3) - (77 + -72).
-4
What is (2 - 5) + -1 + 1?
-3
What is -10 + (5 - (3 + -3 - -1))?
-6
Evaluate 5 - (7 + (2 - -1)).
-5
-1 + 0 - (-2 - -11 - 13)
3
0 + (22 - 9) + -4
9
What is -6 + (1 + 3 - 3)?
-5
What is (-102 - -105) + 9 + -1?
11
What is the value of 1 + -7 - (2 - 2 - 4)?
-2
Evaluate 7 + -9 + (-3 - (-1 + -2)).
-2
Evaluate (9 - 1) + -26 + 24.
6
Evaluate 27 - 23 - (-1 - -5 - -8).
-8
What is -4 - -6 - (-7 - -3 - -10)?
-4
What is the value of -1 - (3 + 1) - (-26 + 24)?
-3
What is the value of 3 - (-9 + 17 + -7)?
2
-2 - (-1 - 1) - -5
5
-2 + (-1 - -3 - 4) - 0
-4
Evaluate (-19 - -4) + 57 + -52.
-10
Evaluate 5 + 1 - (-12 - -12).
6
What is 8 - (7 + (3 - 9))?
7
What is the value of 2 - (-2 + 2 - -1)?
1
Calculate (10 + -8 - -3) + (-3 - -2).
4
(0 - -5) + 40 + -41
4
Calculate -6 - -5 - (-5 - 0).
4
Calculate (16 + -8 - 5) + -3 + 0.
0
Calculate 4 - (4 + -9 - -4).
5
Calculate 0 + (4 - -2) + -4.
2
Evaluate 2 + (-7 - 0) + (2 - 0).
-3
What is the value of -6 + 7 + (1 - 1) + -8?
-7
What is -8 + (1 + 0 + -1 - -4)?
-4
What is 1 + (-2 - (-2 + -2))?
3
Evaluate -8 - -8 - (2 - -3).
-5
What is 6 - (12 + (2 - 7 - -1))?
-2
What is the value of 5 - (-1 + 15) - (1 + -5)?
-5
What is (-9 - -2 - -5) + -6?
-8
What is (0 - -4) + -5 + -4?
-5
-4 - (6 - 10 - (5 + -3))
2
-20 - ((-12 - -12) + -14)
-6
-5 - (7 + -18 - -5)
1
What is the value of -2 - (0 + -2 + 4 - 9)?
5
(0 - (8 + -17)) + -13
-4
What is the value of (1 - -3 - 7) + 0 - 1?
-4
What is -3 - ((-4 - -4) + 3) - -8?
2
(0 - 0) + -12 + (4 - -12)
4
What is the value of 6 + (2 + -7 - -2)?
3
Calculate 3 + -2 + -2 - (5 - 9).
3
2 + (-3 + 4 - (-5 - 0))
8
-3 + -1 + 9 + (6 - 5)
6
What is the value of -1 + -3 + 5 - 0?
1
Calculate (1 - 1) + (-4 - -3) + -3.
-4
What is 1 + 1 + -3 - (23 + -23)?
-1
What is the value of -12 + 2 + 6 + -1?
-5
What is the value of 4 - 5 - -5 - 1?
3
What is 3 + (3 - (7 - (-2 + 8)))?
5
What is -2 - (-9 - ((-3 - 0) + -2))?
2
-2 + 0 - ((3 - -14) + -18)
-1
Calculate 0 + -2 + (11 - (5 - -4)).
0
Evaluate -10 - (-4 + (2 - 4)).
-4
What is the value of 14 - (11 - -6 - 6)?
3
-3 - 8 - 7 - -11
-7
Evaluate -7 - (-2 - 2) - (-5 - -1).
1
What is 0 + 2 + 5 - 0?
7
Evaluate -5 - (-1 - 1) - 5.
-8
5 - (3 + -1 + 7)
-4
What is -2 - (0 + (-2 - 1))?
1
What is 4 + -1 + -4 + -3?
-4
3 - (1 - -8) - -9
3
Calculate 6 + 1 - (-6 + 12).
1
Evaluate -12 - ((1 - -2 - 0) + -5).
-10
What is the value of -2 + 5 + -2 - -3?
4
What is the value of (7 - -1) + 2 + -15?
-5
Calculate 0 - (2 + -5 + -3).
6
Calculate -12 - (-2 - (16 - 8)).
-2
What is -1 + -1 - ((5 - 19) + 6)?
6
Calculate 9 - 7 - -8 - 7.
3
What is the value of 1 + 4 + (22 - (28 - 6))?
5
33 - 32 - (-2 + -2)
5
What is -13 - (-7 - (-9 + 13))?
-2
-5 + 1 + 11 + -3
4
What is the value of (-4 - -1) + 24 + -12?
9
8 + (-2 - 3) + 4
7
What is the value of 0 - (-6 + 4 + 3)?
-1
What is the value of 5 + -1 + -5 + -1?
-2
What is the value of -4 - (1 + -4 - -4 - 3)?
-2
Calculate -2 + -2 - -6 - -1.
3
What is the value of 3 + -3 + (-13 - -14)?
1
What is the value of 2 + (8 - 4) + -11?
-5
Evaluate 3 + 2 + -6 + 3.
2
What is the value of 3 + 1 + (-9 - -2)?
-3
What is 2 - 0 - (1 + 1)?
0
What is 6 + -1 + 3 + -6?
2
What is the value of 3 + (-1 - -1) + 16 + -17?
2
Evaluate -3 + -3 + (2 - -4) + -4.
-4
(-11 - (-9 + 2)) + 4 + -7
-7
What is -2 + -1 - (-7 + 4) - -2?
2
What is -3 + -2 + 1 - (-2 - 0)?
-2
What is 2 - (0 + -1) - 7?
-4
(1 - (2 + -3)) + -1 + -5
-4
-84 + 91 + (-3 - (1 + 1))
2
Calculate -1 + -1 + -1 + 7 + -1.
3
Calculate (-2 + 7 - 9) + 3.
-1
Evaluate 1 - -3 - (7 - 12 - -2).
7
What is the value of -2 + (-6 - (-7 + 2))?
-3
1 + (-20 - -11) - -9
1
-1 - -2 - (12 + -9)
-2
What is the value of (-3 - 3 - -3) + 30 + -30?
-3
-19 + 15 - -7 - (-3 + 1)
5
9 + -13 + 4 + 2
2
What is (-4 + 1 - -2) + 4 + -2?
1
-12 + (9 - (2 + -5))
0
Calculate (0 - -5 - (4 + 1)) + 7.
7
(7 - 11 - (-2 - 11)) + -6
3
What is the value of 1 - (1 + -3) - (15 - 7)?
-5
What is (-5 - -3) + 6 - 7?
-3
What is the value of (-3 - -5) + -5 - -6?
3
What is the value of (-18 - (-8 - 9)) + -1 + -6?
-8
What is 0 + (1 - 2) + 3 + -4?
-2
Evaluate -1 + (2 - 2) - (6 - 8).
1
Evaluate (1 - -1) + -1 - (1 - 4).
4
What is the value of (9 + -6 + -4 - -4) + -4?
-1
What is the value of 4 + 5 + 1 + -12?
-2
17 + -37 - -15 - (0 + -3)
-2
Calculate -1 + (2 - -2) + -2 + -1.
0
What is the value of (5 - -2) + (5 - (4 - 0))?
8
What is 2 + (2 - (6 - (3 - 1)))?
0
Calculate (2 - 0) + (-27 - -25).
0
Evaluate -6 + -16 + 24 + (-7 - 1).
-6
What is the value of 9 + 6 - (4 - (4 - 7))?
8
Calculate 1 + 2 - (13 - 6).
-4
What is the value of -1 + 10 + (6 - (-6 + 17))?
4
What is the value of (2 - 1) + (-6 - (0 - 0))?
-5
What is 6 + (3 - (1 - -5)) + -6?
-3
Evaluate 37 - 26 - (10 - 4).
5
Evaluate 0 + (-4 + 3 - (-4 + 1)).
2
Evaluate 25 + -13 - (6 - -5).
1
Evaluate 22 + (9 - 11) + -12.
8
-4 + (6 + 0 + -1 - -4)
5
Evaluate -11 + (1 - 3) + (-1 - -4).
-10
Calculate 4 - 6 - -5 - (-2 + -1).
6
Evaluate (0 - (6 + -1)) + 2.
-3
What is the value of 5 - (-5 + 1 + 10)?
-1
What is the value of 0 + 10 + (23 - 29)?
4
What is (1 + -3 - 3 - -16) + -5?
6
Calculate 3 + -6 + 0 - -8.
5
What is the value of 38 - 20 - (0 - -11)?
7
Calculate -4 - (-11 - -6) - (-6 - 2).
9
What is 5 - (3 + (-5 - -12))?
-5
What is -5 + -3 - -21 - 20?
-7
(-9 - -3) + (38 - 29)
3
Calculate -6 - (-4 + -3 + -1).
2
Evaluate (-2 + -3 - (0 + -2)) + 0.
-3
What is the value of -1 - 0 - ((13 - 1) + -15)?
2
Calculate 3 - (3 + (-4 - 